{"id":503,"date":"2020-02-14T12:23:54","date_gmt":"2020-02-14T12:23:54","guid":{"rendered":"https:\/\/sys-stem.eu\/socios\/"},"modified":"2022-06-26T16:40:00","modified_gmt":"2022-06-26T15:40:00","slug":"socios","status":"publish","type":"page","link":"https:\/\/sys-stem.eu\/es\/socios\/","title":{"rendered":"Socios"},"content":{"rendered":"\n<div style=\"height:100px\" aria-hidden=\"true\" class=\"wp-block-spacer\"><\/div>\n\n<figure class=\"wp-block-image size-large is-resized\"><img loading=\"lazy\" src=\"http:\/\/dessaproject.eu\/wp-content\/uploads\/2020\/02\/logo_txorierri-1-1024x384.jpg\" alt=\"\" class=\"wp-image-147\" width=\"454\" height=\"169\"\/><\/figure>\n\n<h2>Politeknika Ikastergia Txorierri &#8211; Espa\u00f1a<\/h2>\n\n<p class=\"has-normal-font-size\">Politeknika Ikastegia Txorierri ( www.txorierri.net ) es un centro de ense\u00f1anza concertado en Euskadi que ofrece formaci\u00f3n en bachillerato cient\u00edfico y formaci\u00f3n profesional (tanto CFGM como CFGS). Cada a\u00f1o el centro proporciona educaci\u00f3n a unos 400 estudiantes a tiempo completo y m\u00e1s de 1000 adultos a tiempo parcial con una plantilla de unas 45 personas.  <\/p>\n\n<p>Politeknika Ikastegia Txorierri se centra en el servicio a la Industria local y se compromete a la formaci\u00f3n integral y permanente de su alumnado. El Centro promueve la Innovaci\u00f3n en Proyectos Tecnol\u00f3gicos y Pedag\u00f3gicos y tiene como objetivo ofrecer un servicio de calidad al p\u00fablico, satisfaciendo las necesidades de formaci\u00f3n local de los y las j\u00f3venes, las universidades y las instituciones locales. <\/p>\n\n<p>P\u00e1gina Web: <a href=\"http:\/\/www.txorierri.net\/\">www.txorierri.net<\/a> <\/p>\n\n<p>Persona de contacto: Anabel Menca<br\/><a rel=\"noreferrer noopener\" aria-label=\"amenica@txorierri.net (opens in a new tab)\" href=\"mailto:amenica@txorierri.net\" target=\"_blank\">amenica@txorierri.net<\/a><br\/>+34651705161<\/p>\n\n<div style=\"height:100px\" aria-hidden=\"true\" class=\"wp-block-spacer\"><\/div>\n\n<figure class=\"wp-block-image size-large is-resized\"><img loading=\"lazy\" src=\"https:\/\/sys-stem.eu\/wp-content\/uploads\/2020\/02\/download.png\" alt=\"\" class=\"wp-image-212\" width=\"439\" height=\"96\" srcset=\"https:\/\/sys-stem.eu\/wp-content\/uploads\/2020\/02\/download.png 480w, https:\/\/sys-stem.eu\/wp-content\/uploads\/2020\/02\/download-300x66.png 300w\" sizes=\"(max-width: 439px) 100vw, 439px\" \/><\/figure>\n\n<h2>Instituto Politecnico de Porto &#8211; Portugal<\/h2>\n\n<p class=\"has-normal-font-size\">La Polit\u00e9cnica de Oporto (IPP) es una instituci\u00f3n p\u00fablica de ense\u00f1anza superior creada en 1985. Con m\u00e1s de 18500 estudiantes, IPP es la mayor Polit\u00e9cnica de Portugal. El IPP se distingue principalmente por su capacidad de instruir a los j\u00f3venes con los conocimientos necesarios para el mercado laboral, capaces de contribuir al desarrollo econ\u00f3mico con un alto sentido de responsabilidad social.   <\/p>\n\n<p class=\"has-normal-font-size\">Esta instituci\u00f3n destaca por su interdisciplinariedad con 7 Escuelas que cubren un amplio espectro de conocimientos cient\u00edficos, desde la Ingenier\u00eda (ISEP) hasta la M\u00fasica y las Artes Esc\u00e9nicas (ESMAE), la Educaci\u00f3n (ESE), la Contabilidad y la Administraci\u00f3n (ISCAP), la Gesti\u00f3n y los Estudios Industriales (ESEIG), la Gesti\u00f3n y la Tecnolog\u00eda (ESTGF) y la Tecnolog\u00eda Sanitaria Aliada (ESTSP). <\/p>\n\n<p>P\u00e1gina Web: <a href=\"https:\/\/www.ipp.pt\/\">https:\/\/www.ipp.pt\/<\/a><\/p>\n\n<p>Persona de contacto: Nuno Escudeiro <br\/><a href=\"mailto:nfe@isep.ipp.pt\">nfe@isep.ipp.pt<\/a><br\/>  +351225020772<\/p>\n\n<div style=\"height:100px\" aria-hidden=\"true\" class=\"wp-block-spacer\"><\/div>\n\n<figure class=\"wp-block-image size-large is-resized\"><img loading=\"lazy\" src=\"https:\/\/sys-stem.eu\/wp-content\/uploads\/2021\/03\/red.png\" alt=\"\" class=\"wp-image-304\" width=\"140\" height=\"140\" srcset=\"https:\/\/sys-stem.eu\/wp-content\/uploads\/2021\/03\/red.png 867w, https:\/\/sys-stem.eu\/wp-content\/uploads\/2021\/03\/red-300x300.png 300w, https:\/\/sys-stem.eu\/wp-content\/uploads\/2021\/03\/red-150x150.png 150w, https:\/\/sys-stem.eu\/wp-content\/uploads\/2021\/03\/red-768x768.png 768w\" sizes=\"(max-width: 140px) 100vw, 140px\" \/><\/figure>\n\n<h2>HELLENIC MEDITERRANEAN UNIVERSITY &#8211; Grecia<\/h2>\n\n<p> La Universidad Hel\u00e9nica del Mediterr\u00e1neo (HMU) de Creta (Grecia), es una universidad p\u00fablica de ciencias aplicadas que comprende las escuelas de Tecnolog\u00eda Agr\u00edcola, Ciencias Aplicadas, Tecnolog\u00eda Aplicada, Salud y Bienestar Social y Gesti\u00f3n y Econom\u00eda, con 15 departamentos situados en Heraklion, Chania, Rethymnon, Agios Nikolaos, Ierapetra y Sitia.<\/p>\n\n<p>Cuenta con m\u00e1s de 20.000 estudiantes, acad\u00e9micos y administradores que conforman una exitosa comunidad acad\u00e9mica, que cuenta con el apoyo de una biblioteca bien equipada, un complejo deportivo, un centro de salud y modernas viviendas para estudiantes. La HMU tiene una considerable participaci\u00f3n en proyectos de investigaci\u00f3n, ha firmado m\u00e1s de 110 acuerdos bilaterales ERASMUS con universidades europeas, y cuenta con una amplia red de socios empresariales y sociales en todo el mundo.  <\/p>\n\n<p>P\u00e1gina Web: <a href=\"https:\/\/hmu.gr\">https:\/\/hmu.gr<\/a> <\/p>\n\n<p>Persona de contacto: George Papadourakis<br\/> <a href=\"mailto:papadour@hmu.gr\">papadour@hmu.gr<\/a><br\/>+302810379300  <\/p>\n\n<div style=\"height:100px\" aria-hidden=\"true\" class=\"wp-block-spacer\"><\/div>\n\n<figure class=\"wp-block-image size-large is-resized\"><img loading=\"lazy\" src=\"https:\/\/sys-stem.eu\/wp-content\/uploads\/2020\/02\/456123_325659760821971_883098554_o-1024x878.jpg\" alt=\"\" class=\"wp-image-268\" width=\"168\" height=\"144\" srcset=\"https:\/\/sys-stem.eu\/wp-content\/uploads\/2020\/02\/456123_325659760821971_883098554_o-1024x878.jpg 1024w, https:\/\/sys-stem.eu\/wp-content\/uploads\/2020\/02\/456123_325659760821971_883098554_o-300x257.jpg 300w, https:\/\/sys-stem.eu\/wp-content\/uploads\/2020\/02\/456123_325659760821971_883098554_o-768x658.jpg 768w, https:\/\/sys-stem.eu\/wp-content\/uploads\/2020\/02\/456123_325659760821971_883098554_o-1200x1028.jpg 1200w, https:\/\/sys-stem.eu\/wp-content\/uploads\/2020\/02\/456123_325659760821971_883098554_o.jpg 1210w\" sizes=\"(max-width: 168px) 100vw, 168px\" \/><\/figure>\n\n<h2>Elektrostrojarska \u0161kola- Croacia<\/h2>\n\n<p>La Elektrostrojarska \u0161kola de Vara\u017edin es una escuela secundaria p\u00fablica fundada en 1958. La escuela ha <br\/> crecido r\u00e1pidamente durante los \u00faltimos veinte a\u00f1os y hoy en d\u00eda, es el mayor centro de ense\u00f1anza secundaria<br\/> en el condado de Vara\u017edin, Croacia.<\/p>\n\n<p>La actividad principal de la escuela es la impartici\u00f3n de programas de 4 y 3 a\u00f1os de duraci\u00f3n de formaci\u00f3n secundaria<br\/>\ny vocacional (FP) que permiten a estudiantes de educaci\u00f3n secundaria obtener<br\/>\nlas cualificaciones de FP necesarias para los siguientes \u00e1mbitos:<\/p>\n\n<ul><li>Ingenier\u00eda el\u00e9ctrica e ingenier\u00eda mec\u00e1nica, incluida la mecatr\u00f3nica<\/li><li>Tecnolog\u00eda de la Informaci\u00f3n \/ Inform\u00e1tica<\/li><li>Tecnolog\u00eda gr\u00e1fica y dise\u00f1o audiovisual<\/li><\/ul>\n\n<p>P\u00e1gina Web: <a rel=\"noreferrer noopener\" aria-label=\"www.ess.hr (opens in a new tab)\" href=\"http:\/\/www.ess.hr\" target=\"_blank\">www.ess.hr<\/a><\/p>\n\n<p>Persona de contacto: Igor Kos<br\/><a href=\"mailto:ikos@ess.hr\">ikos@ess.hr<\/a><br\/>+385042313455<\/p>\n\n<div style=\"height:100px\" aria-hidden=\"true\" class=\"wp-block-spacer\"><\/div>\n\n<figure class=\"wp-block-image size-large is-resized\"><img loading=\"lazy\" src=\"https:\/\/sys-stem.eu\/wp-content\/uploads\/2020\/02\/IDEC-trans3.gif\" alt=\"\" class=\"wp-image-272\" width=\"303\" height=\"90\"\/><\/figure>\n\n<h2>IDEC SA &#8211; Grecia<\/h2>\n\n<p>IDEC es una empresa consultora de formaci\u00f3n situada en Pireo, Grecia. Sus actividades consisten en la formaci\u00f3n, consultor\u00eda de gesti\u00f3n, garant\u00eda de calidad, evaluaci\u00f3n y desarrollo de soluciones TIC para el sector p\u00fablico y privado. IDEC ha estado activa los \u00faltimos 20 a\u00f1os en el campo de los proyectos de la UE.  <\/p>\n\n<p> Tiene una larga experiencia en las pol\u00edticas europeas relativas al aprendizaje permanente y, en particular, EQF, ECVET, Europass, EQAVET, la validaci\u00f3n del aprendizaje no formal e informal, el aprendizaje basado en el trabajo y los planes de aprendizaje y en las reformas nacionales de los sistemas de educaci\u00f3n y formaci\u00f3n.<\/p>\n\n<p>P\u00e1gina Web: <a rel=\"noreferrer noopener\" aria-label=\"www.idec.gr (opens in a new tab)\" href=\"http:\/\/www.idec.gr\" target=\"_blank\">www.idec.gr<\/a><\/p>\n\n<p>Persona de contacto: Xenia Chronopoulou<br\/><a href=\"mailto:xenia@idec.gr\">xenia@idec.gr<\/a><br\/>+302104286227<\/p>\n","protected":false},"excerpt":{"rendered":"<p>Politeknika Ikastergia Txorierri &#8211; Espa\u00f1a Politeknika Ikastegia Txorierri ( www.txorierri.net ) es un centro de ense\u00f1anza concertado en Euskadi que ofrece formaci\u00f3n en bachillerato cient\u00edfico y formaci\u00f3n profesional (tanto CFGM como CFGS). Cada a\u00f1o el centro proporciona educaci\u00f3n a unos 400 estudiantes a tiempo completo y m\u00e1s de 1000 adultos a tiempo parcial con una [&hellip;]<\/p>\n","protected":false},"author":1,"featured_media":0,"parent":0,"menu_order":0,"comment_status":"closed","ping_status":"closed","template":"","meta":[],"_links":{"self":[{"href":"https:\/\/sys-stem.eu\/es\/wp-json\/wp\/v2\/pages\/503"}],"collection":[{"href":"https:\/\/sys-stem.eu\/es\/wp-json\/wp\/v2\/pages"}],"about":[{"href":"https:\/\/sys-stem.eu\/es\/wp-json\/wp\/v2\/types\/page"}],"author":[{"embeddable":true,"href":"https:\/\/sys-stem.eu\/es\/wp-json\/wp\/v2\/users\/1"}],"replies":[{"embeddable":true,"href":"https:\/\/sys-stem.eu\/es\/wp-json\/wp\/v2\/comments?post=503"}],"version-history":[{"count":1,"href":"https:\/\/sys-stem.eu\/es\/wp-json\/wp\/v2\/pages\/503\/revisions"}],"predecessor-version":[{"id":504,"href":"https:\/\/sys-stem.eu\/es\/wp-json\/wp\/v2\/pages\/503\/revisions\/504"}],"wp:attachment":[{"href":"https:\/\/sys-stem.eu\/es\/wp-json\/wp\/v2\/media?parent=503"}],"curies":[{"name":"wp","href":"https:\/\/api.w.org\/{rel}","templated":true}]}}

<div style="height:100px" aria-hidden="true" class="wp-block-spacer"></div>

<figure class="wp-block-image size-large is-resized"><img loading="lazy" src="http://dessaproject.eu/wp-content/uploads/2020/02/logo_txorierri-1-1024x384.jpg" alt="" class="wp-image-147" width="454" height="169"/></figure>

<h2>Politeknika Ikastergia Txorierri &#8211; España</h2>

<p class="has-normal-font-size">Politeknika Ikastegia Txorierri ( www.txorierri.net ) es un centro de enseñanza concertado en Euskadi que ofrece formación en bachillerato científico y formación profesional (tanto CFGM como CFGS). Cada año el centro proporciona educación a unos 400 estudiantes a tiempo completo y más de 1000 adultos a tiempo parcial con una plantilla de unas 45 personas.  </p>

<p>Politeknika Ikastegia Txorierri se centra en el servicio a la Industria local y se compromete a la formación integral y permanente de su alumnado. El Centro promueve la Innovación en Proyectos Tecnológicos y Pedagógicos y tiene como objetivo ofrecer un servicio de calidad al público, satisfaciendo las necesidades de formación local de los y las jóvenes, las universidades y las instituciones locales. </p>

<p>Página Web: <a href="http://www.txorierri.net/">www.txorierri.net</a> </p>

<p>Persona de contacto: Anabel Menca<br/><a rel="noreferrer noopener" aria-label="amenica@txorierri.net (opens in a new tab)" href="mailto:amenica@txorierri.net" target="_blank">amenica@txorierri.net</a><br/>+34651705161</p>

<div style="height:100px" aria-hidden="true" class="wp-block-spacer"></div>

<figure class="wp-block-image size-large is-resized"><img loading="lazy" src="https://sys-stem.eu/wp-content/uploads/2020/02/download.png" alt="" class="wp-image-212" width="439" height="96" srcset="https://sys-stem.eu/wp-content/uploads/2020/02/download.png 480w, https://sys-stem.eu/wp-content/uploads/2020/02/download-300x66.png 300w" sizes="(max-width: 439px) 100vw, 439px" /></figure>

<h2>Instituto Politecnico de Porto &#8211; Portugal</h2>

<p class="has-normal-font-size">La Politécnica de Oporto (IPP) es una institución pública de enseñanza superior creada en 1985. Con más de 18500 estudiantes, IPP es la mayor Politécnica de Portugal. El IPP se distingue principalmente por su capacidad de instruir a los jóvenes con los conocimientos necesarios para el mercado laboral, capaces de contribuir al desarrollo económico con un alto sentido de responsabilidad social.   </p>

<p class="has-normal-font-size">Esta institución destaca por su interdisciplinariedad con 7 Escuelas que cubren un amplio espectro de conocimientos científicos, desde la Ingeniería (ISEP) hasta la Música y las Artes Escénicas (ESMAE), la Educación (ESE), la Contabilidad y la Administración (ISCAP), la Gestión y los Estudios Industriales (ESEIG), la Gestión y la Tecnología (ESTGF) y la Tecnología Sanitaria Aliada (ESTSP). </p>

<p>Página Web: <a href="https://www.ipp.pt/">https://www.ipp.pt/</a></p>

<p>Persona de contacto: Nuno Escudeiro <br/><a href="mailto:nfe@isep.ipp.pt">nfe@isep.ipp.pt</a><br/>  +351225020772</p>

<div style="height:100px" aria-hidden="true" class="wp-block-spacer"></div>

<figure class="wp-block-image size-large is-resized"><img loading="lazy" src="https://sys-stem.eu/wp-content/uploads/2021/03/red.png" alt="" class="wp-image-304" width="140" height="140" srcset="https://sys-stem.eu/wp-content/uploads/2021/03/red.png 867w, https://sys-stem.eu/wp-content/uploads/2021/03/red-300x300.png 300w, https://sys-stem.eu/wp-content/uploads/2021/03/red-150x150.png 150w, https://sys-stem.eu/wp-content/uploads/2021/03/red-768x768.png 768w" sizes="(max-width: 140px) 100vw, 140px" /></figure>

<h2>HELLENIC MEDITERRANEAN UNIVERSITY &#8211; Grecia</h2>

<p> La Universidad Helénica del Mediterráneo (HMU) de Creta (Grecia), es una universidad pública de ciencias aplicadas que comprende las escuelas de Tecnología Agrícola, Ciencias Aplicadas, Tecnología Aplicada, Salud y Bienestar Social y Gestión y Economía, con 15 departamentos situados en Heraklion, Chania, Rethymnon, Agios Nikolaos, Ierapetra y Sitia.</p>

<p>Cuenta con más de 20.000 estudiantes, académicos y administradores que conforman una exitosa comunidad académica, que cuenta con el apoyo de una biblioteca bien equipada, un complejo deportivo, un centro de salud y modernas viviendas para estudiantes. La HMU tiene una considerable participación en proyectos de investigación, ha firmado más de 110 acuerdos bilaterales ERASMUS con universidades europeas, y cuenta con una amplia red de socios empresariales y sociales en todo el mundo.  </p>

<p>Página Web: <a href="https://hmu.gr">https://hmu.gr</a> </p>

<p>Persona de contacto: George Papadourakis<br/> <a href="mailto:papadour@hmu.gr">papadour@hmu.gr</a><br/>+302810379300  </p>

<div style="height:100px" aria-hidden="true" class="wp-block-spacer"></div>

<figure class="wp-block-image size-large is-resized"><img loading="lazy" src="https://sys-stem.eu/wp-content/uploads/2020/02/456123_325659760821971_883098554_o-1024x878.jpg" alt="" class="wp-image-268" width="168" height="144" srcset="https://sys-stem.eu/wp-content/uploads/2020/02/456123_325659760821971_883098554_o-1024x878.jpg 1024w, https://sys-stem.eu/wp-content/uploads/2020/02/456123_325659760821971_883098554_o-300x257.jpg 300w, https://sys-stem.eu/wp-content/uploads/2020/02/456123_325659760821971_883098554_o-768x658.jpg 768w, https://sys-stem.eu/wp-content/uploads/2020/02/456123_325659760821971_883098554_o-1200x1028.jpg 1200w, https://sys-stem.eu/wp-content/uploads/2020/02/456123_325659760821971_883098554_o.jpg 1210w" sizes="(max-width: 168px) 100vw, 168px" /></figure>

<h2>Elektrostrojarska škola- Croacia</h2>

<p>La Elektrostrojarska škola de Varaždin es una escuela secundaria pública fundada en 1958. La escuela ha <br/> crecido rápidamente durante los últimos veinte años y hoy en día, es el mayor centro de enseñanza secundaria<br/> en el condado de Varaždin, Croacia.</p>

<p>La actividad principal de la escuela es la impartición de programas de 4 y 3 años de duración de formación secundaria<br/>
y vocacional (FP) que permiten a estudiantes de educación secundaria obtener<br/>
las cualificaciones de FP necesarias para los siguientes ámbitos:</p>

<ul><li>Ingeniería eléctrica e ingeniería mecánica, incluida la mecatrónica</li><li>Tecnología de la Información / Informática</li><li>Tecnología gráfica y diseño audiovisual</li></ul>

<p>Página Web: <a rel="noreferrer noopener" aria-label="www.ess.hr (opens in a new tab)" href="http://www.ess.hr" target="_blank">www.ess.hr</a></p>

<p>Persona de contacto: Igor Kos<br/><a href="mailto:ikos@ess.hr">ikos@ess.hr</a><br/>+385042313455</p>

<div style="height:100px" aria-hidden="true" class="wp-block-spacer"></div>

<figure class="wp-block-image size-large is-resized"><img loading="lazy" src="https://sys-stem.eu/wp-content/uploads/2020/02/IDEC-trans3.gif" alt="" class="wp-image-272" width="303" height="90"/></figure>

<h2>IDEC SA &#8211; Grecia</h2>

<p>IDEC es una empresa consultora de formación situada en Pireo, Grecia. Sus actividades consisten en la formación, consultoría de gestión, garantía de calidad, evaluación y desarrollo de soluciones TIC para el sector público y privado. IDEC ha estado activa los últimos 20 años en el campo de los proyectos de la UE.  </p>

<p> Tiene una larga experiencia en las políticas europeas relativas al aprendizaje permanente y, en particular, EQF, ECVET, Europass, EQAVET, la validación del aprendizaje no formal e informal, el aprendizaje basado en el trabajo y los planes de aprendizaje y en las reformas nacionales de los sistemas de educación y formación.</p>

<p>Página Web: <a rel="noreferrer noopener" aria-label="www.idec.gr (opens in a new tab)" href="http://www.idec.gr" target="_blank">www.idec.gr</a></p>

<p>Persona de contacto: Xenia Chronopoulou<br/><a href="mailto:xenia@idec.gr">xenia@idec.gr</a><br/>+302104286227</p>

<p>Politeknika Ikastergia Txorierri &#8211; España Politeknika Ikastegia Txorierri ( www.txorierri.net ) es un centro de enseñanza concertado en Euskadi que ofrece formación en bachillerato científico y formación profesional (tanto CFGM como CFGS). Cada año el centro proporciona educación a unos 400 estudiantes a tiempo completo y más de 1000 adultos a tiempo parcial con una [&hellip;]</p>
